+ r**3 - 2. Let h(q) be the third derivative of t(q). Is h(-5) a composite number?
False
Let c(i) = i**3 + 2*i - 1. Let l be c(1). Suppose 3*h + l*n - 483 = 120, 5*h - 3*n - 1024 = 0. Is h a prime number?
False
Let m = -6 + 8. Suppose 2*w - 4*i - 86 = 0, -m*w - 2*i + 176 - 60 = 0. Is w a composite number?
False
Let x(i) = -i**2 + 12*i - 3. Let s be x(5). Suppose 3*p = 4*p - s. Let u = p - -5. Is u a composite number?
False
Let w be (9 + -11)*-1*1. Suppose -v - 1238 = -3*f, 4*f - 2414 + 764 = w*v. Is f a prime number?
False
Let d be 1/(1 - 2)*84. Let c = d + 170. Is c a prime number?
False
Let j(z) = 33*z**3 + 0 + 1 + z - 2. Let g = -2 + 3. Is j(g) composite?
True
Let x(l) = 2*l**2 - 1. Let b(a) = a**3 + 2. Let q be b(0). Is x(q) prime?
True
Suppose c + 24 = -3*c. Let a be 18/(-12)*16/c. Suppose a*r = 3*g - 190, -5*g + 2*g = -r - 178. Is g a prime number?
False
Let k = 1832 - -1277. Is k a composite number?
False
Suppose -r + 4*r - 1479 = 0. Is r composite?
True
Suppose 3 + 5 = 4*j. Let g(x) = -3 - 2*x - 2*x**2 - 4*x**j + 7*x**2. Is g(10) prime?
False
Let f = -300 + 1293. Is f composite?
True
Let z be ((-15)/(-2))/3*30. Suppose p + 56 = -p. Let n = z + p. Is n prime?
True
Suppose 0 = -u - 0 - 3. Let t be (-8)/u*9/(-4). Is (-1)/(-3) - 64/t composite?
False
Let i = 3256 - 1599. Is i composite?
False
Let l be ((-8)/(-12))/((-1)/(-6)). Let s = 9 - l. Let d = 16 + s. Is d composite?
True
Suppose 2*r - r - 8 = 0. Suppose 0 = k + 3*k + r. Is (1 + k)/((-1)/37) a prime number?
True
Is 48888/49 - 6/(-21) composite?
True
Let d = -5 - -6. Let i be (d - 2)/((-2)/(-740)). Let h = i + 519. Is h a prime number?
True
Let q(o) = 9*o + 9 - 7*o - 2 + 8*o. Is q(6) a prime number?
True
Let p(b) = b**3 + b**2 + 4*b - 11. Is p(7) a prime number?
True
Let m(l) = -15*l**3 + 5*l**2 - 2*l + 1. Is m(-4) a composite number?
False
Let l = 436 + -293. Is l a prime number?
False
Let b(g) = -g**3 - 8*g**2 - 9*g - 8. Let n be b(-7). Suppose j - 2 = 1. Is 71/j - 4/n composite?
False
Let c = -3 - -12. Suppose -2*o + c = o. Suppose z = -o*y + 2*z + 652, 5*z = y - 222. Is y a prime number?
False
Suppose 519 = c + 4*t, t - 15 = -2*t. Is c prime?
True
Suppose -10 = 2*n, -4*d + 0*n = 5*n + 25. Suppose 134 = m - d*m. Suppose -2*b + 2*y - 20 = -72, 4*b - m = -2*y. Is b prime?
True
Is 5128/(-24)*(-1 + -2) a prime number?
True
Suppose -b + 0 = 4*f - 1, 3*f - 4*b = -4. Let x = 74 + f. Is x composite?
True
Let n(a) = a**2 - 1. Let l be n(2). Let f be 3/12 - 1222/(-8). Suppose f = -0*c + l*c. Is c composite?
True
Let n(u) be the first derivative of 5*u**3/3 + 3*u**2 + 8*u - 7. Is n(-7) composite?
False
Let a = 369 + 168. Is a a prime number?
False
Let x be (0/(-4))/(1 + -2). Suppose x = g + 3*g, -21 = -p - 5*g. Is p a prime number?
False
Suppose -9*x = -4*x - 290. Suppose -k = -62 - x. Let l = 29 + k. Is l prime?
True
Let n = -819 + 1460. Is n composite?
False
Let l(m) = -726*m + 31. Is l(-4) prime?
False
Is (1 - 2)/((-11)/6941) composite?
False
Suppose 0 = -2*c - 2*c + 12. Is 332 - 3/(4 - c) a prime number?
False
Suppose -4*q - 4*v - 216 = 0, 2*v - 5*v = 5*q + 262. Let r = q + 85. Is r composite?
True
Let b(i) = -i + 13. Is b(3) a composite number?
True
Suppose 0 = 7*f - 5*f - 710. Is f a prime number?
False
Let p(y) = -y**2 - 3*y + 4. Suppose 6 = 2*z - 0*z. Let k(f) = f**2 + 3*f - 5. Let j(m) = z*k(m) + 2*p(m). Is j(-7) a composite number?
True
Let z = 3 + -12. Let y(t) = -19*t - 2. Let k be y(z). Is k + -6 + -2*1 composite?
True
Let l be 38/10 + (-1)/(-5). Suppose -l*g + 71 = -3*g. Is g prime?
True
Let m = 0 - -5. Let q = m + -3. Suppose q*s + 34 = 4*s + 2*y, -53 = -5*s + 3*y. Is s a prime number?
True
Let o(d) = 3*d**3 - 3*d**2 - 4*d - 1. Let v be o(3). Suppose -2*m + 2*l = -m - 28, 2*m - v = -l. Is m composite?
True
Suppose 2*r + 2*r = 124. Is r composite?
False
Suppose 5*x = 4*h - 143, 22 = 4*h + 3*x - 129. Is h a prime number?
True
Let d(j) = 3*j**2 - 2*j + 3. Let v(o) = -6*o**2 + 3*o - 6. Let n(q) = 7*d(q) + 3*v(q). Is n(4) a prime number?
True
Let g(t) = 9*t**2 + 2*t - 3. Is g(4) composite?
False
Suppose -x = -6*x + 5*l + 175, -4*x + 164 = 4*l. Is x a composite number?
True
Suppose -3*f = -0*f. Let p(t) = t**3 - t**2 + t + 91. Is p(f) prime?
False
Suppose -h = 5*r - 351, -2*h = -5*r - 313 - 329. Is h a composite number?
False
Is 26*(370/(-4))/(-5) a prime number?
False
Let h be ((-8)/(-3) - 3)*-9. Suppose -3 = h*i - 12. Is i composite?
False
Suppose 0 = -5*y + 3*j - 81, 4*j + 69 = -3*y - j. Is (-1 + y)*(0 + -1) composite?
False
Suppose -2*p = -0*p - 10. Suppose p*y + 0*y = 75. Is y a composite number?
True
Let x(h) = -2*h**3 - 3*h**2 - 3*h + 1. Let p be 4/(-22) - 53/11. Is x(p) a composite number?
False
Let m = 200 + -135. Let b = -42 + m. Is b composite?
False
Suppose 5*u = 4*u + 1169. Is u a prime number?
False
Suppose 3*d - 16 = -5*v, 4*d - 6 = v - 0*d. Suppose 0 = -0*b - b + v. Suppose -321 = -b*t + 113. Is t composite?
True
Let r(i) = -i - 3*i - i - 14 + 2*i. Is r(-12) a prime number?
False
Let f be (-2)/2 + 193*1. Suppose f = 5*k - 278. Suppose s - k = -s. Is s a prime number?
True
Suppose 6*d - 4099 + 1015 = 0. Is d a prime number?
False
Let s = -527 + 818. Let g = s + -182. Is g composite?
False
Suppose -6*a = 2*a - 5608. Is a composite?
False
Let i = 4 + 52. Suppose -3*x + 38 = -w + 1, 56 = -3*w - 2*x. Let l = i + w. Is l a composite number?
True
Let h(d) = 3184*d**2 + d. Is h(-1) composite?
True
Is -3 + (-1 - -112) + 3 composite?
True
Suppose s - 1 = 0, 4*w + 2*s = -3*s + 105. Is w a prime number?
False
Let l(u) = -u**3 + 4*u - 1. Let w be l(-3). Let i be 49*-3*(-9)/27. Suppose i - w = m. Is m composite?
True
Let d = -9 + 5. Is (-2 - (-177)/(-12))*d a composite number?
False
Let q be 1575/(-9) + 0/(-2). Suppose 4*t - 16 = -504. Let i = t - q. Is i prime?
True
Let z(g) = -g**3 + 8*g**2 + 4*g + 1. Suppose -3*u - k + 14 = 0, -u + 6*k - 3*k = -18. Is z(u) a composite number?
False
Let n(w) = 22*w**2 + 10*w + 7. Let s(v) = v + 1. Let p(h) = n(h) - 6*s(h). Is p(-3) prime?
False
Suppose -9 = -5*b + 16. Suppose 2 = w - b. Is w a composite number?
False
Suppose 3*p - 2*p = 0. Suppose 0 = 2*d + 2*y - 78, -y + 144 = 4*d - p*d. Is d composite?
True
Let l(s) = s + 14. Let x be l(-8). Suppose 0 = -2*v + x*v + 44. Let q = -4 - v. Is q composite?
False
Suppose -4*r - 686 = -0*w + w, -5*w = 2*r + 334. Let x = -84 - r. Suppose -a + 2*k + x = 0, 5*a - 3*k - 49 = 370. Is a composite?
True
Suppose -5*g + 7064 = 259. Is g a composite number?
False
Suppose 0 = -q + 4*q - 4*j + 23, 3*j = -2*q + 13. Is 1/q*1 - -68 a prime number?
True
Is -5 + (4 - (-4015)/5) prime?
False
Suppose -2*r - 12 = -2*f, 3*r + 2*r + 4*f - 6 = 0. Is 5/((-5)/(-261)) + r a prime number?
False
Suppose 5*g - 127 = 508. Is g a prime number?
True
Suppose 2 + 1 = 3*n + 4*t, -2 = 2*n + 4*t. Let h(z) = -2 + z**2 - 5*z + z**3 + 7 - 3*z**2. Is h(n) a composite number?
True
Suppose -3*l = 6, 2*r + r + 2*l = 665. Is r prime?
True
Let h = -31 + 56. Suppose -120 = -5*a - h. Is a composite?
False
Let v = 1 + 2. Let n = -11 - v. Let i = 1 - n. Is i a prime number?
False
Suppose -l + 4*k + 1110 = l, 0 = -5*l - k + 2753. Is l prime?
False
Let t(p) = 23*p**2 + 2*p + 2. Suppose 0 = 4*v - x + 15, -3*v - 15 = -0*x - 2*x. Let s be t(v). Suppose 4*z = -4*o - o + s, -2*o = -6. Is z prime?
True
Let b(x) = -114*x + 1. Suppose 0*f + 4 = -4*f. Is b(f) composite?
True
Suppose -5*m = 2*v - 681, m - 3*m - 345 = -v. Let d = v - 190. Is d/5 + (-2)/(-5) a composite number?
False
Is ((-194)/(-4))/(7/14) a prime number?
True
Let f = -4 + 7. Suppose 96 + 76 = 5*y - 3*u, 2*u = -4*y + 142. Suppose -i - 2*n + y = 0, f*i + 2*n = 6*n + 105. Is i a prime number?
False
Is (-6)/24 - 1829/(-4) composite?
False
Let f(c) = c**3 + 9*c**2 + 3*c + 8. Let q be f(-6). Let m = 23 + q. Is m prime?
False
Let g(n) = 3*n**3 - 3*n**2 + n + 2. Is g(3) a composite number?
False
Suppose -10*s = -s - 2709. Is s prime?
False
Let m(x) = -x**3 + 23. Let s be m(0). Suppose 5*t = -0*t - 65. Let i = s + t. Is i composite?
True
Suppose 0 = -2*v - v - 9. Let h be (2 + v)*(0 - 0). Suppose h = 4*p + 3*a - 46 - 38, -5*a = p - 21. Is p a composite number?
True
Suppose 2*i = -0*i + 4. Suppose i*l = 15 + 35. Suppose 5*y - 160 = l. Is y prime?
True
Suppose 2*s - 3*v - 1096 = 0, 2*v - 765 = 3*s - 2